6
Calculate the highest common divisor of 6290 and 3910.
170
What is the greatest common factor of 35298575 and 13?
13
Calculate the greatest common divisor of 22040 and 527440.
760
Calculate the greatest common factor of 155872 and 32.
32
What is the highest common divisor of 24 and 119913?
3
What is the highest common factor of 96922 and 3542?
322
Calculate the greatest common divisor of 379164 and 456.
228
What is the highest common divisor of 1229047 and 383?
383
Calculate the highest common factor of 8 and 176584.
8
What is the greatest common divisor of 20378997 and 279?
279
What is the highest common factor of 23 and 53981?
23
What is the greatest common divisor of 45998 and 872?
218
Calculate the highest common divisor of 13456 and 993221.
841
Calculate the greatest common factor of 157598 and 42.
14
What is the highest common factor of 1100 and 5919100?
1100
Calculate the greatest common divisor of 6936 and 1496.
136
Calculate the highest common divisor of 20661 and 4656.
291
Calculate the highest common factor of 7 and 2624.
1
What is the highest common factor of 4980 and 48?
12
What is the highest common divisor of 122 and 249856?
122
Calculate the highest common divisor of 18 and 1458.
18
What is the greatest common factor of 612 and 38182?
34
Calculate the highest common divisor of 6480 and 355590.
810
What is the highest common factor of 1863 and 20907?
207
What is the greatest common divisor of 45486 and 7434?
126
Calculate the highest common divisor of 7270273 and 257.
257
What is the highest common factor of 1273 and 16683?
67
What is the greatest common factor of 3818 and 9844?
46
Calculate the greatest common divisor of 1610 and 33488.
322
Calculate the greatest common factor of 3505 and 3835.
5
Calculate the highest common factor of 13891 and 12933.
479
What is the highest common factor of 9685 and 2795?
65
Calculate the highest common divisor of 408 and 228.
12
Calculate the greatest common factor of 99 and 522819.
99
Calculate the greatest common factor of 133 and 43477.
7
Calculate the greatest common divisor of 406211 and 65.
13
Calculate the highest common factor of 895072 and 96.
32
Calculate the greatest common divisor of 291280 and 340.
20
Calculate the highest common factor of 17 and 25483.
17
What is the highest common factor of 38988 and 44042?
722
Calculate the greatest common divisor of 18945 and 30.
15
Calculate the highest common divisor of 359183 and 11.
11
What is the highest common factor of 624 and 22048?
208
What is the highest common factor of 328 and 1451236?
164
What is the greatest common factor of 1656 and 320022?
414
Calculate the greatest common divisor of 13 and 15353.
13
What is the greatest common divisor of 62935 and 205?
205
Calculate the highest common divisor of 100 and 11452400.
100
What is the greatest common divisor of 16929 and 2734803?
1539
Calculate the greatest common factor of 308 and 274824.
44
What is the highest common factor of 165148 and 848?
212
What is the highest common divisor of 13589 and 428?
107
What is the greatest common divisor of 72 and 522228?
12
Calculate the highest common factor of 500798 and 1039.
1039
Calculate the greatest common factor of 47680 and 2280.
40
Calculate the highest common divisor of 162 and 5482.
2
Calculate the greatest common divisor of 714 and 2057.
17
What is the highest common divisor of 457893 and 81?
81
What is the greatest common divisor of 366 and 138?
6
Calculate the highest common factor of 1996461 and 27.
27
What is the greatest common factor of 747 and 7387?
83
Calculate the greatest common factor of 14 and 70126.
14
What is the highest common factor of 796467 and 7?
7
Calculate the highest common factor of 3632 and 9761.
227
Calculate the highest common factor of 8165 and 371330.
355
Calculate the highest common divisor of 10143 and 938952.
1449
What is the highest common factor of 224141 and 177?
59
What is the greatest common divisor of 135 and 1875?
15
What is the greatest common divisor of 838893 and 363?
363
What is the highest common divisor of 539 and 2989?
49
What is the highest common divisor of 357 and 471?
3
What is the greatest common factor of 170 and 303994?
34
What is the greatest common factor of 645 and 31347?
129
What is the greatest common divisor of 72 and 874608?
24
Calculate the greatest common factor of 3978 and 83980.
442
Calculate the highest common factor of 1410 and 105045.
705
What is the highest common factor of 13761 and 1881?
99
What is the greatest common divisor of 21927 and 81?
3
Calculate the highest common factor of 2808 and 2288.
104
Calculate the highest common divisor of 275 and 223475.
25
What is the greatest common divisor of 3054672 and 48?
48
What is the greatest common divisor of 280 and 37415?
35
What is the highest common factor of 837 and 6129?
27
Calculate the greatest common factor of 124 and 68.
4
What is the highest common factor of 425290 and 16330?
710
What is the greatest common divisor of 130 and 6227?
13
What is the highest common factor of 260380 and 1410?
470
Calculate the greatest common factor of 25686 and 972.
18
Calculate the greatest common divisor of 75681 and 6.
3
Calculate the highest common factor of 112 and 44324.
28
What is the greatest common divisor of 187 and 39314?
11
Calculate the greatest common factor of 6549 and 24420.
111
What is the highest common factor of 1634984 and 208?
104
What is the highest common divisor of 138 and 1402494?
138
What is the highest common factor of 133 and 109459?
133
What is the greatest common factor of 9100 and 32620?
140
What is the greatest common factor of 56616 and 9492?
84
Calculate the highest common divisor of 43 and 1192519.
43
Calculate the highest common divisor of 9 and 2859687.
9
Calculate the greatest common factor of 844 and 46.
2
Calculate the highest common factor of 32 and 16672.
32
Calculate the greatest common divisor of 68 and 121876.
4
Calculate the highest common factor of 1171590 and 165.
15
What is the highest common divisor of 1816 and 81039?
227
What is the greatest common factor of 9476460 and 1962?
1962
What is the highest common divisor of 1587 and 615227?
529
What is the greatest common divisor of 10 and 184880?
10
Calculate the greatest common divisor of 1116 and 112266.
18
Calculate the greatest common factor of 32 and 9596.
4
Calculate the greatest common divisor of 33648 and 2436.
12
What is the greatest common factor of 650740 and 80?
20
What is the greatest common factor of 1281 and 36417?
183
What is the greatest common divisor of 1068 and 16224?
12
What is the highest common divisor of 117 and 4335?
3
Calculate the highest common divisor of 1420 and 9000.
20
Calculate the highest common factor of 48 and 4188.
12
Calculate the greatest common divisor of 39168 and 952.
136
What is the highest common divisor of 242880 and 3360?
480
What is the highest common divisor of 14774 and 4806?
178
What is the greatest common divisor of 1165 and 23840?
5
What is the highest common factor of 29328 and 546?
78
Calculate the highest common factor of 4489 and 34706.
67
What is the greatest common divisor of 428 and 157504?
428
Calculate the highest common factor of 4438 and 213341.
317
What is the greatest common divisor of 1265 and 138325?
55
Calculate the highest common factor of 214 and 21426322.
214
Calculate the greatest common factor of 131 and 17.
1
Calculate the highest common divisor of 867 and 102.
51
Calculate the highest common factor of 928 and 3538.
58
What is the greatest common divisor of 6558 and 9865418?
2186
Calculate the greatest common divisor of 2723 and 21.
7
Calculate the highest common factor of 160 and 7463840.
160
Calculate the highest common divisor of 1448 and 150049.
181
Calculate the greatest common factor of 7009 and 3097.
163
Calculate the highest common factor of 4769076 and 741.
741
Calculate the greatest common factor of 252 and 306621.
63
What is the greatest common divisor of 512 and 20016?
16
What is the highest common divisor of 395 and 31205?
395
Calculate the highest common factor of 17 and 4270077.
17
Calculate the highest common factor of 87630 and 115.
115
Calculate the highest common divisor of 60789 and 207.
69
What is the highest common divisor of 8978 an